.
67
What is the greatest common factor of 7562 and 17518?
38
Calculate the greatest common divisor of 1560 and 30264.
312
Calculate the highest common factor of 152 and 30696.
8
Calculate the greatest common factor of 8195761 and 742.
371
What is the greatest common factor of 12404 and 588?
28
Calculate the greatest common factor of 195 and 10935.
15
Calculate the highest common divisor of 9223 and 34486.
401
What is the highest common factor of 32068 and 4?
4
Calculate the greatest common factor of 127 and 1215771.
127
What is the highest common divisor of 9932 and 80984?
764
Calculate the highest common divisor of 2 and 2217.
1
What is the highest common factor of 149896 and 8856?
328
What is the greatest common factor of 202 and 87062?
202
Calculate the highest common divisor of 2088 and 71304.
24
What is the highest common factor of 7634 and 518071?
347
Calculate the greatest common divisor of 17823 and 39.
39
Calculate the highest common factor of 2336273 and 577.
577
Calculate the highest common divisor of 16887 and 13.
13
Calculate the highest common divisor of 414630 and 510.
510
Calculate the greatest common divisor of 170 and 2167585.
85
Calculate the highest common factor of 5076 and 342036.
108
Calculate the greatest common factor of 161528 and 488.
488
What is the highest common factor of 249130 and 65?
5
Calculate the greatest common divisor of 72 and 2664.
72
What is the highest common divisor of 544286 and 2698?
142
Calculate the highest common factor of 140 and 86380.
140
What is the highest common divisor of 3944 and 71224?
232
What is the highest common divisor of 352 and 1771?
11
What is the highest common factor of 34263 and 376?
47
What is the highest common divisor of 143 and 91975?
13
What is the highest common factor of 18017 and 4609?
419
What is the highest common divisor of 291 and 3?
3
What is the highest common factor of 3198 and 7749?
123
Calculate the highest common divisor of 1224 and 1044.
36
Calculate the highest common factor of 82 and 136858.
82
Calculate the greatest common divisor of 515708 and 229.
229
What is the greatest common divisor of 134321 and 11?
11
Calculate the highest common divisor of 2 and 8470.
2
What is the highest common divisor of 104562 and 126?
18
Calculate the greatest common divisor of 4775 and 6494.
191
What is the highest common factor of 6184 and 40?
8
Calculate the highest common factor of 75 and 472455.
15
Calculate the greatest common divisor of 114285 and 570.
285
What is the highest common factor of 2766 and 120?
6
What is the greatest common divisor of 127 and 338201?
127
What is the greatest common factor of 144180 and 945?
135
What is the greatest common divisor of 27 and 2020761?
27
What is the greatest common divisor of 8755 and 44455?
85
What is the highest common divisor of 255 and 30855?
255
Calculate the highest common factor of 34190 and 16120.
130
Calculate the greatest common factor of 2668 and 2392.
92
Calculate the greatest common divisor of 97440 and 10005.
435
What is the highest common factor of 331533 and 243?
81
Calculate the highest common divisor of 29441 and 8982.
499
What is the highest common divisor of 779482 and 121?
121
What is the highest common divisor of 610030 and 4770?
530
Calculate the highest common divisor of 1464 and 5015176.
488
Calculate the greatest common factor of 112861 and 161.
161
What is the highest common divisor of 1050 and 7272300?
1050
What is the greatest common factor of 1259085 and 15?
15
Calculate the highest common factor of 12 and 15220956.
12
What is the greatest common factor of 5916 and 6630?
102
What is the highest common factor of 124005 and 30?
15
What is the highest common divisor of 8500 and 428375?
125
Calculate the greatest common divisor of 1603 and 917.
7
Calculate the greatest common factor of 776 and 5858024.
776
Calculate the highest common divisor of 24 and 7288.
8
What is the highest common factor of 266 and 123728?
38
What is the greatest common divisor of 7771 and 19?
19
Calculate the highest common factor of 843517 and 167.
167
Calculate the greatest common factor of 964438 and 1778.
254
What is the greatest common factor of 114 and 1558?
38
What is the greatest common divisor of 558 and 85482?
18
Calculate the highest common divisor of 36 and 21987.
9
Calculate the highest common factor of 1582 and 574.
14
Calculate the highest common factor of 200178 and 44.
22
What is the highest common factor of 1665 and 411810?
555
Calculate the highest common factor of 13 and 6242.
1
Calculate the highest common divisor of 44 and 286.
22
What is the highest common factor of 323968 and 128?
128
What is the highest common factor of 585738 and 54?
54
What is the highest common factor of 452 and 7458?
226
Calculate the highest common factor of 20540 and 1495.
65
Calculate the highest common divisor of 54883 and 1491.
71
Calculate the greatest common divisor of 241683 and 39.
39
What is the highest common divisor of 59778 and 1620?
162
What is the greatest common divisor of 17 and 103003?
17
Calculate the greatest common divisor of 301 and 896.
7
Calculate the greatest common divisor of 315 and 39375.
315
Calculate the highest common factor of 800 and 406240.
160
Calculate the highest common factor of 424 and 21306.
106
Calculate the greatest common divisor of 6 and 34586.
2
What is the highest common factor of 4 and 32670?
2
What is the highest common factor of 3562 and 81652?
274
Calculate the greatest common divisor of 16 and 25628.
4
Calculate the highest common divisor of 91 and 27157.
13
What is the greatest common factor of 242 and 182138?
22
What is the greatest common divisor of 5253 and 17201?
103
Calculate the greatest common factor of 801 and 15.
3
What is the greatest common factor of 2475 and 405?
45
What is the highest common divisor of 392 and 217?
7
Calculate the greatest common divisor of 15912 and 91.
13
What is the greatest common divisor of 109668 and 37?
37
Calculate the greatest common factor of 324 and 33777.
81
What is the highest common factor of 495576 and 72?
72
Calculate the greatest common divisor of 4183465 and 455.
65
Calculate the greatest common factor of 121 and 8107.
121
What is the highest common factor of 6802903 and 1461?
487
Calculate the greatest common factor of 240 and 219280.
80
Calculate the highest common divisor of 989622 and 18.
18
What is the highest common factor of 309 and 402730?
103
Calculate the highest common factor of 1006074 and 54.
54
What is the greatest common factor of 8007 and 77367?
51
Calculate the highest common factor of 25338 and 984.
246
What is the highest common factor of 1037 and 79361?
61
Calculate the highest common factor of 65 and 416949.
13
What is the highest common divisor of 8624 and 462?
154
Calculate the highest common factor of 198450 and 245.
245
What is the highest common factor of 90093 and 3?
3
Calculate the greatest common divisor of 605 and 12221.
121
Calculate the greatest common factor of 40 and 8449140.
20
What is the greatest common divisor of 11086 and 1205?
241
What is the greatest common factor of 159 and 944301?
159
What is the highest common factor of 36394 and 186?
62
What is the highest common factor of 240 and 15792?
48
What is the greatest common factor of 55 and 75581?
11
Calculate the greatest common factor of 24 and 86862.
6
What is the highest common factor of 112290 and 10638?
1182
Calculate the highest common factor of 48664 and 77.
77
Calculate the highest common factor of 633 and 1491.
3
What is the greatest common divisor of 380068 and 520?
52
What is the greatest common factor of 1165552 and 3104?
1552
Calculate the greatest common factor of 11112 and 41207.
463
Calculate the greatest common divisor of 4350 and 5700.
150
What is the greatest common factor of 2025 and 1163025?
675
What is the greatest common factor of 105 and 4893?
21
What is the highest common divisor of 474994 and 39?
13
Calculate the highest common factor of 6629216 and 814.
814
What is the greatest common divisor of 7668 and 156?
12
What is the highest common factor of 294 and 44058?
42
What is the highest common divisor of 957631 and 67?
67
What is the greatest common factor of 13 and 12814?
1
What is the greatest common divisor of